{"id":4429,"date":"2025-11-19T02:10:26","date_gmt":"2025-11-19T10:10:26","guid":{"rendered":"https:\/\/www.archlegal.com\/attorney\/samara-bahu\/"},"modified":"2026-03-12T04:54:33","modified_gmt":"2026-03-12T11:54:33","slug":"samara-bahu","status":"publish","type":"staff","link":"https:\/\/www.archlegal.com\/es\/attorney\/samara-bahu\/","title":{"rendered":"Samara Bahu"},"content":{"rendered":"\n<section class=\"wp-block-custom-blocks-text-with-image text-with-image\"><div class=\"container\"><div class=\"text-with-image__row align--right\"><div class=\"column text-with-image__content\"><h2>Samara Bahu<\/h2>\n<p>Samara Bahu es asociada en ARCH Legal PC. Comenz\u00f3 a trabajar en la firma como asistente legal despu\u00e9s de completar su primer a\u00f1o de la facultad de Derecho y, posteriormente, fue contratada como abogada en 2023. Samara obtuvo su t\u00edtulo de Juris Doctor en la Facultad de Derecho de la Universidad de San Diego. Antes de asistir a la facultad de Derecho, obtuvo una licenciatura en Administraci\u00f3n de Empresas con especializaci\u00f3n en Derecho en la Grand Canyon University, donde tambi\u00e9n jug\u00f3 en el equipo femenino de f\u00fatbol.   <\/p>\n<\/div><div class=\"column\"><div class=\"text-with-image__image decoration-align--right primary-image-shape\"><img decoding=\"async\" src=\"https:\/\/www.archlegal.com\/wp-content\/uploads\/2025\/11\/samara-bahu.webp\" alt=\"\" width=\"600\" height=\"780\"\/><\/div><\/div><\/div><\/div><\/section>\n\n\n\n<section class=\"wp-block-group cta is-layout-flow wp-block-group-is-layout-flow\">\n<div class=\"wp-block-group container is-layout-flow wp-block-group-is-layout-flow\">\n<div class=\"wp-block-cover\"><img decoding=\"async\" width=\"1024\" height=\"683\" class=\"wp-block-cover__image-background wp-image-2076 size-large\" alt=\"\" src=\"https:\/\/www.archlegal.com\/wp-content\/uploads\/2025\/11\/74ab64aa3292c9dc8ca08e12a12e46446d58dfb4-3-1024x683.jpg\" data-object-fit=\"cover\" srcset=\"https:\/\/www.archlegal.com\/wp-content\/uploads\/2025\/11\/74ab64aa3292c9dc8ca08e12a12e46446d58dfb4-3-1024x683.jpg 1024w, https:\/\/www.archlegal.com\/wp-content\/uploads\/2025\/11\/74ab64aa3292c9dc8ca08e12a12e46446d58dfb4-3-300x200.jpg 300w, https:\/\/www.archlegal.com\/wp-content\/uploads\/2025\/11\/74ab64aa3292c9dc8ca08e12a12e46446d58dfb4-3-768x512.jpg 768w, https:\/\/www.archlegal.com\/wp-content\/uploads\/2025\/11\/74ab64aa3292c9dc8ca08e12a12e46446d58dfb4-3.jpg 1254w\" sizes=\"(max-width: 1024px) 100vw, 1024px\" \/><span aria-hidden=\"true\" class=\"wp-block-cover__background has-background-dim-90 has-background-dim wp-block-cover__gradient-background has-background-gradient has-hero-gradient-2-gradient-background\"><\/span><div class=\"wp-block-cover__inner-container is-layout-flow wp-block-cover-is-layout-flow\">\n<div class=\"wp-block-group is-layout-flow wp-block-group-is-layout-flow\">\n<div class=\"wp-block-group cta__content is-layout-flow wp-block-group-is-layout-flow\">\n<div class=\"wp-block-group cta__text is-layout-flow wp-block-group-is-layout-flow\">\n<p>\u00bfHA SUFRIDO ACOSO O DISCRIMINACI\u00d3N EN EL LUGAR DE TRABAJO?<\/p>\n\n\n\n<h2 class=\"wp-block-heading\">Encuentre al abogado adecuado para su caso<\/h2>\n\n\n\n<p>Queremos saber qu\u00e9 da\u00f1os ha sufrido, independientemente de para qui\u00e9n trabaje. Perm\u00edtanos evaluar su caso.  Le tomaremos en serio y le daremos recomendaciones perspicaces sobre los pr\u00f3ximos pasos hacia un resultado justo.<\/p>\n<\/div>\n\n\n\n<div class=\"wp-block-group cta__buttons is-layout-flow wp-block-group-is-layout-flow\">\n<p class=\"btn__primary\"><a href=\"https:\/\/www.archlegal.com\/es\/contacto\/\">Solicitar una consulta gratuita<\/a><\/p>\n\n\n\n<p class=\"cta__or\">o<\/p>\n\n\n\n<div class=\"wp-block-group cta__phone-number is-layout-constrained wp-block-group-is-layout-constrained\">\n<figure class=\"wp-block-image size-full\"><img decoding=\"async\" src=\"https:\/\/www.archlegal.com\/wp-content\/uploads\/2025\/11\/icon-phone-3.svg\" alt=\"\" class=\"wp-image-2088\"\/><\/figure>\n\n\n\n<p class=\"cta__phone\"><a href=\"tel:+18663311338\">(866) 331-1338<\/a><\/p>\n<\/div>\n<\/div>\n<\/div>\n<\/div>\n<\/div><\/div>\n<\/div>\n<\/section>\n\n\n\n<section id=\"contact-us\" class=\"wp-block-group contact-us has-light-background-background-color has-background is-layout-flow wp-block-group-is-layout-flow\">\n<div class=\"wp-block-group container is-layout-constrained wp-block-group-is-layout-constrained\">\n<div class=\"wp-block-group contact-us__row is-layout-flow wp-block-group-is-layout-flow\">\n<div class=\"wp-block-group contact-us__column is-layout-flow wp-block-group-is-layout-flow\">\n<h2 class=\"wp-block-heading\">\u00bfHa sufrido acoso o discriminaci\u00f3n en el lugar de trabajo?<\/h2>\n\n\n\n<h4 class=\"wp-block-heading\">Encuentre al abogado adecuado para su caso<\/h4>\n\n\n\n<p>P\u00f3ngase en contacto con ARCH Legal hoy mismo para hablar con un abogado experto en derecho laboral dedicado a proteger sus derechos en el lugar de trabajo. Tanto si se enfrenta a discriminaci\u00f3n, represalias o infracciones salariales, nuestro equipo est\u00e1 preparado para ayudarle. Llame, env\u00ede un correo electr\u00f3nico o programe una consulta gratuita para hablar sobre su caso y explorar sus opciones legales.<\/p>\n\n\n\n<div class=\"wp-block-group contact-us__contact-details is-layout-flow wp-block-group-is-layout-flow\">\n<figure class=\"wp-block-image size-full\"><img decoding=\"async\" src=\"https:\/\/www.archlegal.com\/wp-content\/uploads\/2025\/11\/icon-phone-4.svg\" alt=\"\" class=\"wp-image-2143\"\/><\/figure>\n\n\n\n<p><a href=\"tel:+18663311338\">(866) 331-1338<\/a><\/p>\n<\/div>\n\n\n\n<div class=\"wp-block-group contact-us__contact-details is-layout-flow wp-block-group-is-layout-flow\">\n<figure class=\"wp-block-image size-full\"><img decoding=\"async\" src=\"https:\/\/www.archlegal.com\/wp-content\/uploads\/2025\/11\/location-1.svg\" alt=\"\" class=\"wp-image-2142\"\/><\/figure>\n\n\n\n<p><a href=\"https:\/\/maps.app.goo.gl\/xXjb1axDADuXxYLC8\" data-type=\"link\" data-id=\"https:\/\/maps.app.goo.gl\/xXjb1axDADuXxYLC8\">3555 Fifth Avenue Suite 200,<br\/>\u2028San Diego, CA 92103<\/a><\/p>\n<\/div>\n<\/div>\n\n\n\n<div class=\"wp-block-group contact-us__column is-layout-constrained wp-block-group-is-layout-constrained\">\n<div class=\"wp-block-contact-form-7-contact-form-selector\">\n<div class=\"wpcf7 no-js\" id=\"wpcf7-f4098-o1\" lang=\"es-ES\" dir=\"ltr\" data-wpcf7-id=\"4098\">\n<div class=\"screen-reader-response\"><p role=\"status\" aria-live=\"polite\" aria-atomic=\"true\"><\/p> <ul><\/ul><\/div>\n<form action=\"\/es\/wp-json\/wp\/v2\/staff\/4429#wpcf7-f4098-o1\" method=\"post\" class=\"wpcf7-form init\" aria-label=\"Formulario de contacto\" novalidate=\"novalidate\" data-status=\"init\">\n<fieldset class=\"hidden-fields-container\"><input type=\"hidden\" name=\"_wpcf7\" value=\"4098\" \/><input type=\"hidden\" name=\"_wpcf7_version\" value=\"6.1.5\" \/><input type=\"hidden\" name=\"_wpcf7_locale\" value=\"es_ES\" \/><input type=\"hidden\" name=\"_wpcf7_unit_tag\" value=\"wpcf7-f4098-o1\" \/><input type=\"hidden\" name=\"_wpcf7_container_post\" value=\"0\" \/><input type=\"hidden\" name=\"_wpcf7_posted_data_hash\" value=\"\" \/>\n<\/fieldset>\n<div class=\"form-row\">\n   <label> Nombre <span class=\"wpcf7-form-control-wrap\" data-name=\"your-first-name\"><input size=\"40\" maxlength=\"400\" class=\"wpcf7-form-control wpcf7-text wpcf7-validates-as-required\" aria-required=\"true\" aria-invalid=\"false\" placeholder=\"Introduzca su nombre\" value=\"\" type=\"text\" name=\"your-first-name\" \/><\/span><\/label><label> Apellido <span class=\"wpcf7-form-control-wrap\" data-name=\"your-last-name\"><input size=\"40\" maxlength=\"400\" class=\"wpcf7-form-control wpcf7-text wpcf7-validates-as-required\" aria-required=\"true\" aria-invalid=\"false\" placeholder=\"Introduzca su apellido\" value=\"\" type=\"text\" name=\"your-last-name\" \/><\/span><\/label>\n<\/div>\n<div class=\"form-row\">\n   <label> N\u00famero de tel\u00e9fono <span class=\"wpcf7-form-control-wrap\" data-name=\"your-tel\"><input size=\"40\" maxlength=\"400\" class=\"wpcf7-form-control wpcf7-tel wpcf7-validates-as-required wpcf7-text wpcf7-validates-as-tel\" aria-required=\"true\" aria-invalid=\"false\" placeholder=\"Introduzca su n\u00famero de tel\u00e9fono\" value=\"\" type=\"tel\" name=\"your-tel\" \/><\/span> <\/label><label> Correo electr\u00f3nico <span class=\"wpcf7-form-control-wrap\" data-name=\"your-email\"><input size=\"40\" maxlength=\"400\" class=\"wpcf7-form-control wpcf7-email wpcf7-validates-as-required wpcf7-text wpcf7-validates-as-email\" aria-required=\"true\" aria-invalid=\"false\" placeholder=\"Introduzca su direcci\u00f3n de correo electr\u00f3nico\" value=\"\" type=\"email\" name=\"your-email\" \/><\/span> <\/label> \n<\/div>\n\n<div class=\"form-row\">\n  <label> Ciudad <span class=\"wpcf7-form-control-wrap\" data-name=\"your-city\"><input size=\"40\" maxlength=\"400\" class=\"wpcf7-form-control wpcf7-text\" aria-invalid=\"false\" placeholder=\"Introduzca su ciudad\" value=\"\" type=\"text\" name=\"your-city\" \/><\/span> <\/label>\n  <label> Estado <span class=\"wpcf7-form-control-wrap\" data-name=\"your-state\"><input size=\"40\" maxlength=\"400\" class=\"wpcf7-form-control wpcf7-text\" aria-invalid=\"false\" placeholder=\"Introduzca su estado\" value=\"\" type=\"text\" name=\"your-state\" \/><\/span> <\/label>\n<\/div>\n\n<div class=\"form-row\">\n <label>  Necesito ayuda con: <span class=\"wpcf7-form-control-wrap\" data-name=\"your-message\"><textarea cols=\"40\" rows=\"10\" maxlength=\"2000\" class=\"wpcf7-form-control wpcf7-textarea\" aria-invalid=\"false\" placeholder=\"\u00bfC\u00f3mo podemos ayudarle?\" name=\"your-message\"><\/textarea><\/span> <\/label>\n<\/div>\n\n<div class=\"form-row\">\n    <span class=\"wpcf7-form-control-wrap\" data-name=\"consent\"><span class=\"wpcf7-form-control wpcf7-checkbox\"><span class=\"wpcf7-list-item first last\"><label><input type=\"checkbox\" name=\"consent[]\" value=\"Acepto que contactar conmigo a trav\u00e9s de este formulario no constituye representaci\u00f3n legal ni crea una relaci\u00f3n abogado-cliente.\" \/><span class=\"wpcf7-list-item-label\">Acepto que contactar conmigo a trav\u00e9s de este formulario no constituye representaci\u00f3n legal ni crea una relaci\u00f3n abogado-cliente.<\/span><\/label><\/span><\/span><\/span>\n<\/div>\n\n<div class=\"form-row consent-row\">\n  <label><span class=\"wpcf7-form-control-wrap\" data-name=\"conditions\"><span class=\"wpcf7-form-control wpcf7-acceptance\"><span class=\"wpcf7-list-item\"><input type=\"checkbox\" name=\"conditions\" value=\"1\" aria-invalid=\"false\" \/><\/span><\/span><\/span> He le\u00eddo y acepto las <a href=\"\/es\/politica-de-privacidad\/\" target=\"_blank\">Pol\u00edticas de Privacidad<\/a>, \n  y <a href=\"\/es\/condiciones-de-uso\/\" target=\"_blank\">Condiciones de Uso<\/a>.<\/label>\n<\/div>\n\n<div class=\"wpcf7-turnstile cf-turnstile\" data-sitekey=\"0x4AAAAAACCGEsWJuOJVmetb\" data-response-field-name=\"_wpcf7_turnstile_response\"><\/div>\n<input class=\"wpcf7-form-control wpcf7-submit has-spinner\" type=\"submit\" value=\"enviar mensaje\" \/><p style=\"display: none !important;\" class=\"akismet-fields-container\" data-prefix=\"_wpcf7_ak_\"><label>&#916;<textarea name=\"_wpcf7_ak_hp_textarea\" cols=\"45\" rows=\"8\" maxlength=\"100\"><\/textarea><\/label><input type=\"hidden\" id=\"ak_js_1\" name=\"_wpcf7_ak_js\" value=\"43\"\/><script>\ndocument.getElementById( \"ak_js_1\" ).setAttribute( \"value\", ( new Date() ).getTime() );\n<\/script>\n<\/p><div class=\"wpcf7-response-output\" aria-hidden=\"true\"><\/div>\n<\/form>\n<\/div>\n<\/div>\n<\/div>\n<\/div>\n<\/div>\n<\/section>\n\n\n\n<section class=\"wp-block-group is-layout-flow wp-block-group-is-layout-flow\">\n<iframe src=\"https:\/\/www.google.com\/maps\/embed?pb=!1m18!1m12!1m3!1d16430.41740738804!2d-117.16569456052756!3d32.746116857276874!2m3!1f0!2f0!3f0!3m2!1i1024!2i768!4f13.1!3m3!1m2!1s0x80d954c5befea6a5%3A0x80b7f10ad2154c37!2sARCH%20Legal%2C%20PC!5e0!3m2!1sen!2sdz!4v1762947744697!5m2!1sen!2sdz\" width=\"100%\" height=\"254\" style=\"border:0;\" allowfullscreen=\"\" loading=\"lazy\" referrerpolicy=\"no-referrer-when-downgrade\" title=\"Mapa de Arch Legal\"><\/iframe>\n<\/section>\n","protected":false},"featured_media":0,"parent":0,"menu_order":0,"template":"","meta":{"_staff_position":"","_staff_layout_priority":0,"_staff_custom_title":"","_staff_content":"","_staff_card_image":0,"footnotes":""},"categories":[],"tags":[],"class_list":["post-4429","staff","type-staff","status-publish","hentry"],"_links":{"self":[{"href":"https:\/\/www.archlegal.com\/es\/wp-json\/wp\/v2\/staff\/4429","targetHints":{"allow":["GET"]}}],"collection":[{"href":"https:\/\/www.archlegal.com\/es\/wp-json\/wp\/v2\/staff"}],"about":[{"href":"https:\/\/www.archlegal.com\/es\/wp-json\/wp\/v2\/types\/staff"}],"version-history":[{"count":4,"href":"https:\/\/www.archlegal.com\/es\/wp-json\/wp\/v2\/staff\/4429\/revisions"}],"predecessor-version":[{"id":6538,"href":"https:\/\/www.archlegal.com\/es\/wp-json\/wp\/v2\/staff\/4429\/revisions\/6538"}],"wp:attachment":[{"href":"https:\/\/www.archlegal.com\/es\/wp-json\/wp\/v2\/media?parent=4429"}],"wp:term":[{"taxonomy":"category","embeddable":true,"href":"https:\/\/www.archlegal.com\/es\/wp-json\/wp\/v2\/categories?post=4429"},{"taxonomy":"post_tag","embeddable":true,"href":"https:\/\/www.archlegal.com\/es\/wp-json\/wp\/v2\/tags?post=4429"}],"curies":[{"name":"wp","href":"https:\/\/api.w.org\/{rel}","templated":true}]}}

<section class="wp-block-custom-blocks-text-with-image text-with-image"><div class="container"><div class="text-with-image__row align--right"><div class="column text-with-image__content"><h2>Samara Bahu</h2>
<p>Samara Bahu es asociada en ARCH Legal PC. Comenzó a trabajar en la firma como asistente legal después de completar su primer año de la facultad de Derecho y, posteriormente, fue contratada como abogada en 2023. Samara obtuvo su título de Juris Doctor en la Facultad de Derecho de la Universidad de San Diego. Antes de asistir a la facultad de Derecho, obtuvo una licenciatura en Administración de Empresas con especialización en Derecho en la Grand Canyon University, donde también jugó en el equipo femenino de fútbol.   </p>
</div><div class="column"><div class="text-with-image__image decoration-align--right primary-image-shape"><img decoding="async" src="https://www.archlegal.com/wp-content/uploads/2025/11/samara-bahu.webp" alt="" width="600" height="780"/></div></div></div></div></section>



<section class="wp-block-group cta is-layout-flow wp-block-group-is-layout-flow">
<div class="wp-block-group container is-layout-flow wp-block-group-is-layout-flow">
<div class="wp-block-cover"><img decoding="async" width="1024" height="683" class="wp-block-cover__image-background wp-image-2076 size-large" alt="" src="https://www.archlegal.com/wp-content/uploads/2025/11/74ab64aa3292c9dc8ca08e12a12e46446d58dfb4-3-1024x683.jpg" data-object-fit="cover" srcset="https://www.archlegal.com/wp-content/uploads/2025/11/74ab64aa3292c9dc8ca08e12a12e46446d58dfb4-3-1024x683.jpg 1024w, https://www.archlegal.com/wp-content/uploads/2025/11/74ab64aa3292c9dc8ca08e12a12e46446d58dfb4-3-300x200.jpg 300w, https://www.archlegal.com/wp-content/uploads/2025/11/74ab64aa3292c9dc8ca08e12a12e46446d58dfb4-3-768x512.jpg 768w, https://www.archlegal.com/wp-content/uploads/2025/11/74ab64aa3292c9dc8ca08e12a12e46446d58dfb4-3.jpg 1254w" sizes="(max-width: 1024px) 100vw, 1024px" /><span aria-hidden="true" class="wp-block-cover__background has-background-dim-90 has-background-dim wp-block-cover__gradient-background has-background-gradient has-hero-gradient-2-gradient-background"></span><div class="wp-block-cover__inner-container is-layout-flow wp-block-cover-is-layout-flow">
<div class="wp-block-group is-layout-flow wp-block-group-is-layout-flow">
<div class="wp-block-group cta__content is-layout-flow wp-block-group-is-layout-flow">
<div class="wp-block-group cta__text is-layout-flow wp-block-group-is-layout-flow">
<p>¿HA SUFRIDO ACOSO O DISCRIMINACIÓN EN EL LUGAR DE TRABAJO?</p>



<h2 class="wp-block-heading">Encuentre al abogado adecuado para su caso</h2>



<p>Queremos saber qué daños ha sufrido, independientemente de para quién trabaje. Permítanos evaluar su caso.  Le tomaremos en serio y le daremos recomendaciones perspicaces sobre los próximos pasos hacia un resultado justo.</p>
</div>



<div class="wp-block-group cta__buttons is-layout-flow wp-block-group-is-layout-flow">
<p class="btn__primary"><a href="https://www.archlegal.com/es/contacto/">Solicitar una consulta gratuita</a></p>



<p class="cta__or">o</p>



<div class="wp-block-group cta__phone-number is-layout-constrained wp-block-group-is-layout-constrained">
<figure class="wp-block-image size-full"><img decoding="async" src="https://www.archlegal.com/wp-content/uploads/2025/11/icon-phone-3.svg" alt="" class="wp-image-2088"/></figure>



<p class="cta__phone"><a href="tel:+18663311338">(866) 331-1338</a></p>
</div>
</div>
</div>
</div>
</div></div>
</div>
</section>



<section id="contact-us" class="wp-block-group contact-us has-light-background-background-color has-background is-layout-flow wp-block-group-is-layout-flow">
<div class="wp-block-group container is-layout-constrained wp-block-group-is-layout-constrained">
<div class="wp-block-group contact-us__row is-layout-flow wp-block-group-is-layout-flow">
<div class="wp-block-group contact-us__column is-layout-flow wp-block-group-is-layout-flow">
<h2 class="wp-block-heading">¿Ha sufrido acoso o discriminación en el lugar de trabajo?</h2>



<h4 class="wp-block-heading">Encuentre al abogado adecuado para su caso</h4>



<p>Póngase en contacto con ARCH Legal hoy mismo para hablar con un abogado experto en derecho laboral dedicado a proteger sus derechos en el lugar de trabajo. Tanto si se enfrenta a discriminación, represalias o infracciones salariales, nuestro equipo está preparado para ayudarle. Llame, envíe un correo electrónico o programe una consulta gratuita para hablar sobre su caso y explorar sus opciones legales.</p>



<div class="wp-block-group contact-us__contact-details is-layout-flow wp-block-group-is-layout-flow">
<figure class="wp-block-image size-full"><img decoding="async" src="https://www.archlegal.com/wp-content/uploads/2025/11/icon-phone-4.svg" alt="" class="wp-image-2143"/></figure>



<p><a href="tel:+18663311338">(866) 331-1338</a></p>
</div>



<div class="wp-block-group contact-us__contact-details is-layout-flow wp-block-group-is-layout-flow">
<figure class="wp-block-image size-full"><img decoding="async" src="https://www.archlegal.com/wp-content/uploads/2025/11/location-1.svg" alt="" class="wp-image-2142"/></figure>



<p><a href="https://maps.app.goo.gl/xXjb1axDADuXxYLC8" data-type="link" data-id="https://maps.app.goo.gl/xXjb1axDADuXxYLC8">3555 Fifth Avenue Suite 200,<br/> San Diego, CA 92103</a></p>
</div>
</div>



<div class="wp-block-group contact-us__column is-layout-constrained wp-block-group-is-layout-constrained">
<div class="wp-block-contact-form-7-contact-form-selector">
<div class="wpcf7 no-js" id="wpcf7-f4098-o1" lang="es-ES" dir="ltr" data-wpcf7-id="4098">
<div class="screen-reader-response"><p role="status" aria-live="polite" aria-atomic="true"></p> <ul></ul></div>
<form action="/es/wp-json/wp/v2/staff/4429#wpcf7-f4098-o1" method="post" class="wpcf7-form init" aria-label="Formulario de contacto" novalidate="novalidate" data-status="init">
<fieldset class="hidden-fields-container"><input type="hidden" name="_wpcf7" value="4098" /><input type="hidden" name="_wpcf7_version" value="6.1.5" /><input type="hidden" name="_wpcf7_locale" value="es_ES" /><input type="hidden" name="_wpcf7_unit_tag" value="wpcf7-f4098-o1" /><input type="hidden" name="_wpcf7_container_post" value="0" /><input type="hidden" name="_wpcf7_posted_data_hash" value="" />
</fieldset>
<div class="form-row">
   <label> Nombre <span class="wpcf7-form-control-wrap" data-name="your-first-name"><input size="40" maxlength="400" class="wpcf7-form-control wpcf7-text wpcf7-validates-as-required" aria-required="true" aria-invalid="false" placeholder="Introduzca su nombre" value="" type="text" name="your-first-name" /></span></label><label> Apellido <span class="wpcf7-form-control-wrap" data-name="your-last-name"><input size="40" maxlength="400" class="wpcf7-form-control wpcf7-text wpcf7-validates-as-required" aria-required="true" aria-invalid="false" placeholder="Introduzca su apellido" value="" type="text" name="your-last-name" /></span></label>
</div>
<div class="form-row">
   <label> Número de teléfono <span class="wpcf7-form-control-wrap" data-name="your-tel"><input size="40" maxlength="400" class="wpcf7-form-control wpcf7-tel wpcf7-validates-as-required wpcf7-text wpcf7-validates-as-tel" aria-required="true" aria-invalid="false" placeholder="Introduzca su número de teléfono" value="" type="tel" name="your-tel" /></span> </label><label> Correo electrónico <span class="wpcf7-form-control-wrap" data-name="your-email"><input size="40" maxlength="400" class="wpcf7-form-control wpcf7-email wpcf7-validates-as-required wpcf7-text wpcf7-validates-as-email" aria-required="true" aria-invalid="false" placeholder="Introduzca su dirección de correo electrónico" value="" type="email" name="your-email" /></span> </label> 
</div>

<div class="form-row">
  <label> Ciudad <span class="wpcf7-form-control-wrap" data-name="your-city"><input size="40" maxlength="400" class="wpcf7-form-control wpcf7-text" aria-invalid="false" placeholder="Introduzca su ciudad" value="" type="text" name="your-city" /></span> </label>
  <label> Estado <span class="wpcf7-form-control-wrap" data-name="your-state"><input size="40" maxlength="400" class="wpcf7-form-control wpcf7-text" aria-invalid="false" placeholder="Introduzca su estado" value="" type="text" name="your-state" /></span> </label>
</div>

<div class="form-row">
 <label>  Necesito ayuda con: <span class="wpcf7-form-control-wrap" data-name="your-message"><textarea cols="40" rows="10" maxlength="2000" class="wpcf7-form-control wpcf7-textarea" aria-invalid="false" placeholder="¿Cómo podemos ayudarle?" name="your-message"></textarea></span> </label>
</div>

<div class="form-row">
    <span class="wpcf7-form-control-wrap" data-name="consent"><span class="wpcf7-form-control wpcf7-checkbox"><span class="wpcf7-list-item first last"><label><input type="checkbox" name="consent[]" value="Acepto que contactar conmigo a través de este formulario no constituye representación legal ni crea una relación abogado-cliente." /><span class="wpcf7-list-item-label">Acepto que contactar conmigo a través de este formulario no constituye representación legal ni crea una relación abogado-cliente.</span></label></span></span></span>
</div>

<div class="form-row consent-row">
  <label><span class="wpcf7-form-control-wrap" data-name="conditions"><span class="wpcf7-form-control wpcf7-acceptance"><span class="wpcf7-list-item"><input type="checkbox" name="conditions" value="1" aria-invalid="false" /></span></span></span> He leído y acepto las <a href="/es/politica-de-privacidad/" target="_blank">Políticas de Privacidad</a>, 
  y <a href="/es/condiciones-de-uso/" target="_blank">Condiciones de Uso</a>.</label>
</div>

<div class="wpcf7-turnstile cf-turnstile" data-sitekey="0x4AAAAAACCGEsWJuOJVmetb" data-response-field-name="_wpcf7_turnstile_response"></div>
<input class="wpcf7-form-control wpcf7-submit has-spinner" type="submit" value="enviar mensaje" /><p style="display: none !important;" class="akismet-fields-container" data-prefix="_wpcf7_ak_"><label>&#916;<textarea name="_wpcf7_ak_hp_textarea" cols="45" rows="8" maxlength="100"></textarea></label><input type="hidden" id="ak_js_1" name="_wpcf7_ak_js" value="43"/><script>
document.getElementById( "ak_js_1" ).setAttribute( "value", ( new Date() ).getTime() );
</script>
</p><div class="wpcf7-response-output" aria-hidden="true"></div>
</form>
</div>
</div>
</div>
</div>
</div>
</section>



<section class="wp-block-group is-layout-flow wp-block-group-is-layout-flow">
<iframe src="https://www.google.com/maps/embed?pb=!1m18!1m12!1m3!1d16430.41740738804!2d-117.16569456052756!3d32.746116857276874!2m3!1f0!2f0!3f0!3m2!1i1024!2i768!4f13.1!3m3!1m2!1s0x80d954c5befea6a5%3A0x80b7f10ad2154c37!2sARCH%20Legal%2C%20PC!5e0!3m2!1sen!2sdz!4v1762947744697!5m2!1sen!2sdz" width="100%" height="254" style="border:0;" allowfullscreen="" loading="lazy" referrerpolicy="no-referrer-when-downgrade" title="Mapa de Arch Legal"></iframe>
</section>
